{"id":671,"date":"2015-02-04T21:28:54","date_gmt":"2015-02-04T21:28:54","guid":{"rendered":"http:\/\/wp.chamaeleon-theater-kaarst.de\/?page_id=671"},"modified":"2019-01-24T06:24:06","modified_gmt":"2019-01-24T06:24:06","slug":"theaterstuecke","status":"publish","type":"page","link":"https:\/\/chamaeleon-theater-kaarst.de\/?page_id=671","title":{"rendered":"Theaterst\u00fccke"},"content":{"rendered":"<div id=\"pl-671\"  class=\"panel-layout\" ><div id=\"pg-671-0\"  class=\"panel-grid panel-no-style\" ><div id=\"pgc-671-0-0\"  class=\"panel-grid-cell panel-grid-cell-empty\" ><\/div><div id=\"pgc-671-0-1\"  class=\"panel-grid-cell panel-grid-cell-mobile-last\" ><div id=\"panel-671-0-1-0\" class=\"so-panel widget widget_headline-widget panel-first-child panel-last-child\" data-index=\"0\" >\t\t<h1>Die Theaterst\u00fccke<\/h1>\n\t\t<div class=\"decoration\"><div class=\"decoration-inside\"><\/div><\/div>\n\t\t<h3>Die ersten Jahre haben gezeigt, dass Theater von Kindern und Jugendlichen f\u00fcr Kinder, Jugendliche und Erwachsene mehr ist als nur Aufsagen von Texten. Immer haben die jeweiligen Schauspieler ihre Rollen mit so viel Pers\u00f6nlichkeit gef\u00fcllt, dass die Wirkung auf die Zuschauer nicht ausblieb. <\/h3>\n\t\t<\/div><\/div><div id=\"pgc-671-0-2\"  class=\"panel-grid-cell panel-grid-cell-empty\" ><\/div><\/div><div id=\"pg-671-1\"  class=\"panel-grid panel-no-style\" ><div id=\"pgc-671-1-0\"  class=\"panel-grid-cell\" ><div id=\"panel-671-1-0-0\" class=\"so-panel widget widget_black-studio-tinymce widget_black_studio_tinymce panel-first-child\" data-index=\"1\" ><div class=\"panel-widget-style panel-widget-style-for-671-1-0-0\" ><h3 class=\"widget-title\">1998 und 1999<\/h3><div class=\"textwidget\"><p style=\"text-align: justify;\">Die St\u00fccke waren grundverschieden, aber die Schauspieler konnten sowohl z. B. bei <b>\u201e<\/b><strong>Dolfi singt f\u00fcr alle<\/strong><b>\u201c<\/b> von Ursula W\u00f6lfel, 1998, (eine Geschichte \u00fcber einen Kinderstar) als auch bei <b>\u201e<\/b><strong>Keep cool, sagte der Storch<\/strong><b>\u201c<\/b> von Christa Gerigk-Jauernik, 1999, (ein Kind in einer schwierigen Lebenssituation macht sich frei und findet seinen Weg), zeigen was in ihnen steckt. Handelte es sich bei \u201eDolfi\u201c um ein typisches szenisches Theaterst\u00fcck mit Rollenverteilung und festgelegter Handlung, so war bei \u201eKeep cool\u201c viel Einf\u00fchlungsverm\u00f6gen gefragt, denn dieses St\u00fcck hat neben dem sogenannten roten Faden viele Elemente aus dem experimentellen Theater aufzuweisen.<\/p>\n<\/div><\/div><\/div><div id=\"panel-671-1-0-1\" class=\"so-panel widget widget_black-studio-tinymce widget_black_studio_tinymce\" data-index=\"2\" ><div class=\"panel-widget-style panel-widget-style-for-671-1-0-1\" ><h3 class=\"widget-title\">2007<\/h3><div class=\"textwidget\"><p style=\"text-align: justify;\">2007 wollten wir mit dem St\u00fcck <b>\u201e<\/b><strong>Das magische Cafe<\/strong><b>\u201c <\/b>(Ch. Gerigk-Jauernik) Jugendlichen Mut zum Leben machen. Dazu haben wir eine Menge Magie eingesetzt und unsere Frau Arabica hat zusammen mit den Waldelfen ganze Arbeit geleistet.<\/p>\n<\/div><\/div><\/div><div id=\"panel-671-1-0-2\" class=\"so-panel widget widget_black-studio-tinymce widget_black_studio_tinymce\" data-index=\"3\" ><div class=\"panel-widget-style panel-widget-style-for-671-1-0-2\" ><h3 class=\"widget-title\">2010<\/h3><div class=\"textwidget\"><p style=\"text-align: justify;\">Mit dem St\u00fcck <b>\u201e<\/b><strong>Vollmond<\/strong><b>\u201c<\/b> 2010, sprachen wir wieder einmal verschiedene Ebenen an: Vergangenheit, Gegenwart, Realit\u00e4t und auch das M\u00e4rchenhafte, oder wie man auf Neudeutsch gerne sagt: Fantasy. Eine kleine, mittelalterliche Stadt mit einer aufregenden, fast 500-j\u00e4hrigen Legende, ist der Spielort dieses neuen Theaterst\u00fcckes. Wo ist der wahre Kern der Legende? Das fragen sich nicht nur der Professor, seine Tochter und die Mitarbeiter des Stadtarchivs, sondern auch eine Gruppe junger Forscher aus der Geschichtswerkstatt. Werden sie f\u00fcndig und die armen Seelen erl\u00f6st?<\/p>\n<p><a href=\"https:\/\/wp.chamaeleon-theater-kaarst.de\/wp-content\/uploads\/2015\/01\/Prem10_008.jpg\"><img loading=\"lazy\" decoding=\"async\" class=\"aligncenter wp-image-242 size-medium\" src=\"https:\/\/chamaeleon-theater-kaarst.de\/wp-content\/uploads\/2015\/01\/Prem10_008-300x225.jpg\" alt=\"Prem10_008\" width=\"300\" height=\"225\" srcset=\"https:\/\/chamaeleon-theater-kaarst.de\/wp-content\/uploads\/2015\/01\/Prem10_008-300x225.jpg 300w, https:\/\/chamaeleon-theater-kaarst.de\/wp-content\/uploads\/2015\/01\/Prem10_008.jpg 800w\" sizes=\"(max-width: 300px) 100vw, 300px\" \/><\/a><\/p>\n<\/div><\/div><\/div><div id=\"panel-671-1-0-3\" class=\"so-panel widget widget_black-studio-tinymce widget_black_studio_tinymce\" data-index=\"4\" ><div class=\"panel-widget-style panel-widget-style-for-671-1-0-3\" ><h3 class=\"widget-title\">2013<\/h3><div class=\"textwidget\"><p style=\"text-align: justify;\">Im Jahr 2013 kam das St\u00fcck <b>\u201e<\/b><strong>Die 2. Chance oder Tante Billa greift ein<\/strong><b>\u201c<\/b> heraus. Darin verarbeiteten\u00a0 wir eine wahre Geschichte, die sich in der Familie einer unserer Schauspielerinnen ereignet hat. Jedenfalls in Grundz\u00fcgen. Ein wenig Pfeffer und Salz dazu und fertig war eine neue und spannende Geschichte \u00fcber das Erben und was man daraus machen kann. Nat\u00fcrlich kamen wir nicht ohne Hilfe von \u201eoben\u201c aus. Wie so oft in unseren St\u00fccken griff auch hier ein guter Geist ein und konnte so eine gute Absicht auch zu einem guten Ende bringen. Vielleicht war dies aber auch erst der Anfang zu einem neuen Leben....<\/p>\n<p><a href=\"https:\/\/wp.chamaeleon-theater-kaarst.de\/wp-content\/uploads\/2015\/01\/Prem13_028.jpg\"><img loading=\"lazy\" decoding=\"async\" class=\"aligncenter wp-image-114 size-medium\" src=\"https:\/\/chamaeleon-theater-kaarst.de\/wp-content\/uploads\/2015\/01\/Prem13_028-300x200.jpg\" alt=\"Prem13_028\" width=\"300\" height=\"200\" srcset=\"https:\/\/chamaeleon-theater-kaarst.de\/wp-content\/uploads\/2015\/01\/Prem13_028-300x200.jpg 300w, https:\/\/chamaeleon-theater-kaarst.de\/wp-content\/uploads\/2015\/01\/Prem13_028-272x182.jpg 272w, https:\/\/chamaeleon-theater-kaarst.de\/wp-content\/uploads\/2015\/01\/Prem13_028.jpg 800w\" sizes=\"(max-width: 300px) 100vw, 300px\" \/><\/a><\/p>\n<\/div><\/div><\/div><div id=\"panel-671-1-0-4\" class=\"so-panel widget widget_black-studio-tinymce widget_black_studio_tinymce panel-last-child\" data-index=\"5\" ><div class=\"panel-widget-style panel-widget-style-for-671-1-0-4\" ><h3 class=\"widget-title\">2016<\/h3><div class=\"textwidget\"><p style=\"text-align: justify;\">Unser St\u00fcck\u00a0<strong>\u201eDas magische Caf\u00e9- reloaded\u201c<\/strong> ist eine Wiederaufnahme unseres St\u00fcckes aus dem Jahr 2017.\u00a0Wie damals geht es um die schwierige Zeit, die Jugendliche in ihrer Pubert\u00e4t durchmachen m\u00fcssen. Sie suchen sich\u00a0und einen Weg in ihr sp\u00e4teres Leben. Das ist nicht immer einfach. In der Schulklasse von Frau Fuchs geht es deshalb\u00a0auch manchmal drunter und dr\u00fcber. Die Sch\u00fcler selbst bezeichnen sich schon als die Chaotenklasse der Lindenwaldschule.\u00a0Da hat ihre Lehrerin eine Idee: sie meldet sie bei einem Theaterwettbewerb an. Was die Sch\u00fcler von dieser Idee\u00a0halten und welche Rolle Frau Arabica, Frau Robusta, die Waldgeister und das Waldcaf\u00e9 dabei spielen wird von unseren Schauspielern eindrucksvoll dargestellt. Dieses Theatst\u00fcck geh\u00f6rt zu unseren Lieblingsst\u00fccken und hat es damit geschafft, zum zweiten Mal\u00a0mit einigen Abwandlungen gespielt zu werden. Denn wie immer gilt, wir schreiben Theaterst\u00fccke f\u00fcr unsere Schauspieler und die waren\u00a0nicht mehr dieselben wie bei ersten Mal. So kam noch einer weiterer Handlungstrang dazu, in dem ein gewisser Thorin M\u00fcller\u00a0eine tragende Rolle spielt.\u00a0<\/p>\n<\/div><\/div><\/div><\/div><div id=\"pgc-671-1-1\"  class=\"panel-grid-cell\" ><div id=\"panel-671-1-1-0\" class=\"so-panel widget widget_black-studio-tinymce widget_black_studio_tinymce panel-first-child\" data-index=\"6\" ><div class=\"panel-widget-style panel-widget-style-for-671-1-1-0\" ><h3 class=\"widget-title\">2000 und 2001<\/h3><div class=\"textwidget\"><p style=\"text-align: justify;\">Seit <b>\u201e<\/b><strong>Schmetterlinge und Pausenbrot<\/strong><b>\u201c<\/b> (Ch. Gerigk-Jauernik), 2000, spielen auch Erwachsene mit. Die Konzeption bleibt aber klar auf die jungen Schauspieler ausgerichtet. Im St\u00fcck <b>\u201e<\/b><strong>Den Himmel f\u00fcr Stella<\/strong><b>\u201c<\/b> (Ch. Gerigk-Jauernik), 2001, Thema war Tod und Abschiednehmen, konnten die Rollen ideal auf junge und \u00e4ltere Schauspieler verteilt werden und im Publikum liefen Tr\u00e4nen der R\u00fchrung.\u00a0<\/p>\n<\/div><\/div><\/div><div id=\"panel-671-1-1-1\" class=\"so-panel widget widget_black-studio-tinymce widget_black_studio_tinymce\" data-index=\"7\" ><div class=\"panel-widget-style panel-widget-style-for-671-1-1-1\" ><h3 class=\"widget-title\">2008<\/h3><div class=\"textwidget\"><p style=\"text-align: justify;\">Zum 10-j\u00e4hrigen Jubil\u00e4um haben wir in <b>\u201c<\/b><strong>Zwei Briefe an Mia<\/strong><b>\u201d<\/b> noch einmal das Thema des St\u00fcckes \u201cDreams\u201d aufgegriffen und die Geschichte fortgeschrieben. Jessica hat \u00fcberlebt und unser St\u00fcck erz\u00e4hlt, wie es ihrer Tochter Mia ergeht und wie sie ihr Leben meistert.<\/p>\n<p><a href=\"https:\/\/wp.chamaeleon-theater-kaarst.de\/wp-content\/uploads\/2015\/01\/Prem08_007.jpg\"><img loading=\"lazy\" decoding=\"async\" class=\"aligncenter wp-image-538 size-medium\" src=\"https:\/\/chamaeleon-theater-kaarst.de\/wp-content\/uploads\/2015\/01\/Prem08_007-300x200.jpg\" alt=\"Prem08_007\" width=\"300\" height=\"200\" srcset=\"https:\/\/chamaeleon-theater-kaarst.de\/wp-content\/uploads\/2015\/01\/Prem08_007-300x200.jpg 300w, https:\/\/chamaeleon-theater-kaarst.de\/wp-content\/uploads\/2015\/01\/Prem08_007-1024x682.jpg 1024w, https:\/\/chamaeleon-theater-kaarst.de\/wp-content\/uploads\/2015\/01\/Prem08_007-272x182.jpg 272w, https:\/\/chamaeleon-theater-kaarst.de\/wp-content\/uploads\/2015\/01\/Prem08_007.jpg 1200w\" sizes=\"(max-width: 300px) 100vw, 300px\" \/><\/a><\/p>\n<\/div><\/div><\/div><div id=\"panel-671-1-1-2\" class=\"so-panel widget widget_black-studio-tinymce widget_black_studio_tinymce\" data-index=\"8\" ><div class=\"panel-widget-style panel-widget-style-for-671-1-1-2\" ><h3 class=\"widget-title\">2011<\/h3><div class=\"textwidget\"><p style=\"text-align: justify;\">Im Jahr 2011 war das neue\/alte <b>\u201e<\/b><strong>Den Himmel f\u00fcr Stella<\/strong><b>\u201c<\/b> eine Wiederaufnahme aus dem Jahr 2001 auf mehrfachen Wunsch besonders aus den Reihen der erwachsenen Schauspieler. Wir haben alles renoviert und auf Hochglanz gebracht und noch einige Szenen hinzugef\u00fcgt. Diese Ver\u00e4nderungen konnten wir machen, da wir sowohl von den M\u00f6glichkeiten der Schauspieler aber besonders unserer besseren technischen Ausstattung dazu in der Lage waren. Somit spielten wir zum ersten Mal etwas zum zweiten Mal!!!<\/p>\n<p><a href=\"https:\/\/wp.chamaeleon-theater-kaarst.de\/wp-content\/uploads\/2015\/01\/Prem11_022.jpg\"><img loading=\"lazy\" decoding=\"async\" class=\"aligncenter wp-image-220 size-medium\" src=\"https:\/\/chamaeleon-theater-kaarst.de\/wp-content\/uploads\/2015\/01\/Prem11_022-300x225.jpg\" alt=\"Prem11_022\" width=\"300\" height=\"225\" srcset=\"https:\/\/chamaeleon-theater-kaarst.de\/wp-content\/uploads\/2015\/01\/Prem11_022-300x225.jpg 300w, https:\/\/chamaeleon-theater-kaarst.de\/wp-content\/uploads\/2015\/01\/Prem11_022.jpg 800w\" sizes=\"(max-width: 300px) 100vw, 300px\" \/><\/a><\/p>\n<\/div><\/div><\/div><div id=\"panel-671-1-1-3\" class=\"so-panel widget widget_black-studio-tinymce widget_black_studio_tinymce\" data-index=\"9\" ><div class=\"panel-widget-style panel-widget-style-for-671-1-1-3\" ><h3 class=\"widget-title\">2014<\/h3><div class=\"textwidget\"><p style=\"text-align: justify;\">Im St\u00fcck des Projektes 2014 besch\u00e4ftigen wir uns mit dem Gedanken, was w\u00e4re wenn ... wir unsere Mutter Erde verlassen m\u00fcssten, weil dort ein Leben nicht mehr m\u00f6glich ist. In \"<strong>Dornr\u00f6schen in der Umlaufbahn<\/strong>\" geht es genau darum. Eine Gruppe von Menschen fliegt in einer Raumstation um die Erde und muss dort versuchen zu \u00fcberleben. F\u00fcr das k\u00f6rperliche Wohl scheint gesorgt zu sein, aber was ist mit der Seele? Wie kommen die jungen und alten Menschen auf so engem Raum miteinander aus? Gibt es Regeln und Vorschriften? Werden diese eingehalten und was ist mit der pers\u00f6nlichen Freiheit des Einzelnen? Das sind viele Fragen, die wir nat\u00fcrlich mit dem n\u00f6tigen Ernst aber auch mit Humor versuchen zu beantworten.<\/p>\n<\/div><\/div><\/div><div id=\"panel-671-1-1-4\" class=\"so-panel widget widget_black-studio-tinymce widget_black_studio_tinymce panel-last-child\" data-index=\"10\" ><div class=\"panel-widget-style panel-widget-style-for-671-1-1-4\" ><h3 class=\"widget-title\">2017<\/h3><div class=\"textwidget\"><p style=\"text-align: justify;\">Unser St\u00fcck\u00a0<strong>\u201eDas goldene Licht\u201c<\/strong>\u00a0ist ein M\u00e4rchen. Wie in allen M\u00e4rchen geht es auch hier um Schicksalsschl\u00e4ge, Lebensl\u00e4ufe mit Br\u00fcchen und nat\u00fcrlich um eine junge Liebe:\u00a0Nachdem seine Eltern viel zu fr\u00fch durch ein Ungl\u00fcck ums Leben gekommen waren, muss der Sohn, Prinz Caspar, nun das Reich ganz alleine regieren.\u00a0Er f\u00fchlt sich der Aufgabe aber nicht gewachsen und sucht die Schuldigen unter den Bewohnern des St\u00e4dtchens am Fu\u00dfe seiner Burg.\u00a0Gleichzeitig macht sich Herr Jeronimus, ein ber\u00fchmter Astronom, mit Sofia, der Tochter des Grafen von Bergen, auf den langen Weg zur Burg des Prinzen.\u00a0Die Reise ist anstrengend und voller Gefahren. Sofia und Prinz Caspar wurden sich versprochen, als sie noch kleine Kinder waren.\u00a0Nun sollen die Sterne gut stehen und sie sollen sich zum ersten Mal pers\u00f6nlich sehen.\u00a0Sofia ahnt nichts vom Schicksal des Prinzen als sie im St\u00e4dtchen ankommt.\u00a0Dessen Bewohner haben schwere Schicksalsschl\u00e4ge zu verkraften und wissen sich keinen Rat mehr.\u00a0Mitten in diese Geschehnisse hinein wird ein kleiner Betteljunge von der Jugend des St\u00e4dtchens aufgegriffen. Sie wollen ihm helfen.\u00a0Was alle diese verschiedenen Menschen zueinander f\u00fchrt und wie sie ihr Schicksal gemeinsam meistern, erz\u00e4hlen wir in unserem neuen Theaterst\u00fcck.<\/p>\n<p style=\"text-align: justify;\">Am Ende wird es eine wunderbare L\u00f6sung geben, zu der alle Beteiligten ihren Anteil beitragen konnten.<\/p>\n<p style=\"text-align: justify;\"><a href=\"https:\/\/wp.chamaeleon-theater-kaarst.de\/wp-content\/uploads\/Prem_339.jpg\" rel=\"attachment wp-att-1069\"><img loading=\"lazy\" decoding=\"async\" class=\"aligncenter wp-image-1069 size-medium\" src=\"https:\/\/chamaeleon-theater-kaarst.de\/wp-content\/uploads\/Prem_339-300x225.jpg\" alt=\"Prem_339\" width=\"300\" height=\"225\" srcset=\"https:\/\/chamaeleon-theater-kaarst.de\/wp-content\/uploads\/Prem_339-300x225.jpg 300w, https:\/\/chamaeleon-theater-kaarst.de\/wp-content\/uploads\/Prem_339.jpg 1913w\" sizes=\"(max-width: 300px) 100vw, 300px\" \/><\/a><\/p>\n<\/div><\/div><\/div><\/div><div id=\"pgc-671-1-2\"  class=\"panel-grid-cell\" ><div id=\"panel-671-1-2-0\" class=\"so-panel widget widget_black-studio-tinymce widget_black_studio_tinymce panel-first-child\" data-index=\"11\" ><div class=\"panel-widget-style panel-widget-style-for-671-1-2-0\" ><h3 class=\"widget-title\">2002 &#8211; 2006<\/h3><div class=\"textwidget\"><p style=\"text-align: justify;\">Seit dem sind die verschiedensten Themen bearbeitet worden: Schulschwierigkeiten eines Jungen in <b>\u201e<\/b><strong>1 + 1 = Janusch<\/strong><b>\u201c<\/b> (Ch. Gerigk-Jauernik), 2002, Krieg und Frieden in <b>\u201e<\/b><strong>Das Liederlied<\/strong><b>\u201c<\/b> (Ch. Gerigk-Jauernik), 2003, Probleme in der Clique und eine ungewollte jugendliche Schwangerschaft in <b>\u201e<\/b><strong>Dreams<\/strong><b>\u201c<\/b> (Ch. Gerigk-Jauernik) 2004, \u00dcberlegungen zum Weltjugendtag 2005 in <b>\u201e<\/b><strong>Hand-in-Hand<\/strong><b>\u201c<\/b> (Ch. Gerigk-Jauernik), 2005, mit <b>\u201e<\/b><strong>Casting<\/strong><b>\u201c <\/b>(Ch. Gerigk-Jauernik), 2006 haben wir den Zeitgeist der Casting-Shows im Fernsehen aufgegriffen.<\/p>\n<p><a href=\"https:\/\/wp.chamaeleon-theater-kaarst.de\/wp-content\/uploads\/2015\/01\/Prem06_020.jpg\"><img loading=\"lazy\" decoding=\"async\" class=\"aligncenter wp-image-366 size-medium\" src=\"https:\/\/chamaeleon-theater-kaarst.de\/wp-content\/uploads\/2015\/01\/Prem06_020-300x150.jpg\" alt=\"Prem06_020\" width=\"300\" height=\"150\" srcset=\"https:\/\/chamaeleon-theater-kaarst.de\/wp-content\/uploads\/2015\/01\/Prem06_020-300x150.jpg 300w, https:\/\/chamaeleon-theater-kaarst.de\/wp-content\/uploads\/2015\/01\/Prem06_020-1024x512.jpg 1024w, https:\/\/chamaeleon-theater-kaarst.de\/wp-content\/uploads\/2015\/01\/Prem06_020-960x480.jpg 960w, https:\/\/chamaeleon-theater-kaarst.de\/wp-content\/uploads\/2015\/01\/Prem06_020.jpg 1280w\" sizes=\"(max-width: 300px) 100vw, 300px\" \/><\/a><\/p>\n<\/div><\/div><\/div><div id=\"panel-671-1-2-1\" class=\"so-panel widget widget_black-studio-tinymce widget_black_studio_tinymce\" data-index=\"12\" ><div class=\"panel-widget-style panel-widget-style-for-671-1-2-1\" ><h3 class=\"widget-title\">2009<\/h3><div class=\"textwidget\"><p style=\"text-align: justify;\">In <b>\u201c<\/b><strong>Volles Haus<\/strong><b>\u201d<\/b> 2009 war die Diskussion \u00fcber den Klimawandel das Thema. Doch im Gegensatz zu den abstrakten Szenarien, die uns oft z. B. im Fernsehen vorgespielt werden, haben wir auf humorvolle Weise gezeigt, was das im Einzelnen f\u00fcr betroffene Menschen bedeuten kann. Wir haben eine einfallslose Drehbuchautorin in den Mittelpunkt der Geschichte gestellt, die es mit einer M\u00e4dchengruppe eines Kinderheimes und einem Onkel aus Sizilien zu tun bekommt. Nat\u00fcrlich gibt es noch eine Reihe von weiteren Rollen, die mehr oder weniger unmittelbar ins Geschehen eingreifen.\u00a0<\/p>\n<\/div><\/div><\/div><div id=\"panel-671-1-2-2\" class=\"so-panel widget widget_black-studio-tinymce widget_black_studio_tinymce\" data-index=\"13\" ><div class=\"panel-widget-style panel-widget-style-for-671-1-2-2\" ><h3 class=\"widget-title\">2012<\/h3><div class=\"textwidget\"><p style=\"text-align: justify;\">2012 kam <b>\u201e<\/b><strong>Die Puppenspielerin<\/strong><b>\u201c<\/b> auf die B\u00fchne: ein Dankesch\u00f6n an unsere Schauspielerin und Co-Vereinsgr\u00fcndungsmitglied Monika Schankweiler. Sie hat sich immer gew\u00fcnscht, einmal als Puppenspielerin \u00fcber die Lande zu ziehen und in Kinderg\u00e4rten f\u00fcr die Kinder zu spielen. Leider hat es bis jetzt noch nicht geklappt, aber wer wei\u00df was noch kommt. In diesem St\u00fcck geht es um das z. Z. gro\u00dfe Thema des Internetmobbings. Frau Rock, so hei\u00dft unsere Protagonistin wird Opfer einer solchen Attacke und es bekommt ihr schlecht. Sie hat aber ihre Puppen, die, wie richtige Puppen immer, auch ein Eigenleben haben. So k\u00f6nnen sie zur Aufkl\u00e4rung des Falles beitragen und das Schlimmste gerade noch verhindern.<\/p>\n<\/div><\/div><\/div><div id=\"panel-671-1-2-3\" class=\"so-panel widget widget_black-studio-tinymce widget_black_studio_tinymce\" data-index=\"14\" ><div class=\"panel-widget-style panel-widget-style-for-671-1-2-3\" ><h3 class=\"widget-title\">2015<\/h3><div class=\"textwidget\"><p style=\"text-align: justify;\">Das St\u00fcck \u201e<strong>Und schon ist wieder Silvester<\/strong>\u201c aus dem Jahr 2015 besch\u00e4ftigt sich mit dem Thema Zeit. Es mag vielleicht nicht im Vordergrund stehen, aber in der zusammenh\u00e4ngenden Handlung sind verschiedene kleine Geschichten vereint, die alle etwas mit Zeit zu tun haben. Mal geht sie langsam vorbei, mal schnell. Mal ist ein Zeitrahmen vorgegeben, mal schaut man in die Vergangenheit zur\u00fcck und fragt sich was die Zukunft wohl bringt. Und eh man sich versieht ist schon wieder ein Jahr vergangen.<\/p>\n<\/div><\/div><\/div><div id=\"panel-671-1-2-4\" class=\"so-panel widget widget_black-studio-tinymce widget_black_studio_tinymce panel-last-child\" data-index=\"15\" ><div class=\"panel-widget-style panel-widget-style-for-671-1-2-4\" ><h3 class=\"widget-title\">2018<\/h3><div class=\"textwidget\"><p><strong>Die Reise ins Licht<\/strong><\/p>\n<p>Dieses Theaterst\u00fcck ist gleichzeitig unser Jubi-St\u00fcck anl\u00e4sslich unseres 20-j\u00e4hrigen Theaterjubil\u00e4ums. Wir haben ein St\u00fcck zum Thema Menschlichkeit geschrieben und uraufgef\u00fchrt. Manchmal schwappt die Welt in die eigene Stadt und verlangt von uns Toleranz und Gro\u00dfz\u00fcgigkeit und bittet um Unterst\u00fctzung. Wir haben das aktuelle Thema der Fl\u00fcchtlinge aufgegriffen, \u00fcber das seit einigen Jahren heftig debattiert wird. Uns geht es aber nicht um die politische Dimension des Themas, sondern um die Menschliche. Es ist klar, dass dies am Ende nicht sauber zu trennen ist, aber wir enthalten uns jeder politischen Botschaft, denn f\u00fcr uns stehen die Figuren der Geschichte und ihr Schicksal, stellvertretend f\u00fcr all die vielen Menschen, die ihre Heimat verlassen mussten und m\u00fcssen, im Vordergrund. Da sind zwei Familien unterwegs auf der Flucht vor Krieg und Elend aus ihrer Heimat. Sie suchen Schutz und Geborgenheit und treffen nicht unbedingt auf vorbehaltlose Unterst\u00fctzung. Sie finden aber auch sehr engagierte Menschen, die ihnen mit ganz praktischer Hilfe zur Seite stehen und ihr Schicksal zum Guten wenden. Doch wir w\u00e4ren nicht das Cham\u00e4leon Theater, wenn es bei aller Schwere des Themas nicht auch Momente zum Schmunzeln gibt und letztlich auch die Magie zum Zuge kommt. So k\u00f6nnen wir ein paar besondere Menschen durch die Dunkelheit ins Licht begleiten und schauen, wer an dem Schalter dreht und die Sonne wieder anmacht!<\/p>\n<p>&nbsp;<\/p>\n<p style=\"text-align: justify;\"><a href=\"https:\/\/chamaeleon-theater-kaarst.de\/wp-content\/uploads\/Prem18_365.jpg\" rel=\"attachment wp-att-1069\"><img loading=\"lazy\" decoding=\"async\" class=\"aligncenter wp-image-1236 size-large\" src=\"https:\/\/chamaeleon-theater-kaarst.de\/wp-content\/uploads\/Prem18_365-2000x1333.jpg\" alt=\"\" width=\"720\" height=\"480\" srcset=\"https:\/\/chamaeleon-theater-kaarst.de\/wp-content\/uploads\/Prem18_365-2000x1333.jpg 2000w, https:\/\/chamaeleon-theater-kaarst.de\/wp-content\/uploads\/Prem18_365-300x200.jpg 300w, https:\/\/chamaeleon-theater-kaarst.de\/wp-content\/uploads\/Prem18_365-272x182.jpg 272w\" sizes=\"(max-width: 720px) 100vw, 720px\" \/><\/a><\/p>\n<\/div><\/div><\/div><\/div><\/div><\/div>","protected":false},"excerpt":{"rendered":"<p>Die St\u00fccke waren grundverschieden, aber die Schauspieler konnten sowohl z. B. bei \u201eDolfi singt f\u00fcr alle\u201c von Ursula W\u00f6lfel, 1998, (eine Geschichte \u00fcber einen Kinderstar) als auch bei \u201eKeep cool, sagte der Storch\u201c von Christa Gerigk-Jauernik, 1999, (ein Kind in einer schwierigen Lebenssituation macht sich frei und findet seinen Weg), zeigen was in ihnen steckt. [&hellip;]<\/p>\n","protected":false},"author":1,"featured_media":0,"parent":0,"menu_order":0,"comment_status":"closed","ping_status":"open","template":"templates\/template-full-notitle.php","meta":{"footnotes":""},"_links":{"self":[{"href":"https:\/\/chamaeleon-theater-kaarst.de\/index.php?rest_route=\/wp\/v2\/pages\/671"}],"collection":[{"href":"https:\/\/chamaeleon-theater-kaarst.de\/index.php?rest_route=\/wp\/v2\/pages"}],"about":[{"href":"https:\/\/chamaeleon-theater-kaarst.de\/index.php?rest_route=\/wp\/v2\/types\/page"}],"author":[{"embeddable":true,"href":"https:\/\/chamaeleon-theater-kaarst.de\/index.php?rest_route=\/wp\/v2\/users\/1"}],"replies":[{"embeddable":true,"href":"https:\/\/chamaeleon-theater-kaarst.de\/index.php?rest_route=%2Fwp%2Fv2%2Fcomments&post=671"}],"version-history":[{"count":31,"href":"https:\/\/chamaeleon-theater-kaarst.de\/index.php?rest_route=\/wp\/v2\/pages\/671\/revisions"}],"predecessor-version":[{"id":1280,"href":"https:\/\/chamaeleon-theater-kaarst.de\/index.php?rest_route=\/wp\/v2\/pages\/671\/revisions\/1280"}],"wp:attachment":[{"href":"https:\/\/chamaeleon-theater-kaarst.de\/index.php?rest_route=%2Fwp%2Fv2%2Fmedia&parent=671"}],"curies":[{"name":"wp","href":"https:\/\/api.w.org\/{rel}","templated":true}]}}