{"id":19,"date":"2015-01-03T15:51:07","date_gmt":"2015-01-03T15:51:07","guid":{"rendered":"http:\/\/wp.chamaeleon-theater-kaarst.de\/?page_id=19"},"modified":"2023-12-15T12:06:43","modified_gmt":"2023-12-15T12:06:43","slug":"home","status":"publish","type":"page","link":"https:\/\/chamaeleon-theater-kaarst.de\/","title":{"rendered":"Home"},"content":{"rendered":"<div id=\"pl-19\"  class=\"panel-layout\" ><div id=\"pg-19-0\"  class=\"panel-grid panel-no-style\" ><div id=\"pgc-19-0-0\"  class=\"panel-grid-cell\" ><div id=\"panel-19-0-0-0\" class=\"so-panel widget widget_headline-widget panel-first-child panel-last-child\" data-index=\"0\" >\t\t<h1>Herzlich willkommen, liebes Publikum, beim Cham\u00e4leon Theater<\/h1>\n\t\t<div class=\"decoration\"><div class=\"decoration-inside\"><\/div><\/div>\n\t\t<h3><\/h3>\n\t\t<\/div><\/div><\/div><div id=\"pg-19-1\"  class=\"panel-grid panel-no-style\" ><div id=\"pgc-19-1-0\"  class=\"panel-grid-cell\" ><div id=\"panel-19-1-0-0\" class=\"so-panel widget widget_sow-editor panel-first-child\" data-index=\"1\" ><div\n\t\t\t\n\t\t\tclass=\"so-widget-sow-editor so-widget-sow-editor-base\"\n\t\t\t\n\t\t>\n<div class=\"siteorigin-widget-tinymce textwidget\">\n\t<p>\"Zeit, Zeit, Zeit - Mal bist du Freund, mal bist du Feind\"<\/p>\n<p>&nbsp;<\/p>\n<p>Liebe Besucher unserer Website,<\/p>\n<p>wie im Abschlusslied unseres St\u00fccks \"Und schon ist wieder Silvester\" besungen \u00e4ndern sich die Zeiten im Leben das ein oder andere Mal. Die Zeit des Cham\u00e4leon Theaters aus Kaarst ist nun vorbei und wir schlie\u00dfen unseren Vorhang ein letztes Mal.<\/p>\n<p>In den \u00fcber 20 Jahren Vereinstreiben haben eine Menge Personen zu dem Erfolg, den das Cham\u00e4leon Theater war, beigetragen. Aus diesem Grund m\u00f6chten wir uns bedanken!<\/p>\n<p>Bei den vielen Schauspielern die unsere B\u00fchne mit leben gef\u00fcllt haben und dem Verein ihr Vertrauen geschenkt haben. Ohne euch h\u00e4tte es nie ein St\u00fcck gegeben. Danke!<\/p>\n<p>Bei dem zahlreichen Publikum, welches uns Jahrelang den Saal gef\u00fcllt hat und das Auff\u00fchren unserer St\u00fccke erst lohnenswert gemacht hat. Danke!<\/p>\n<p>Bei der Kirchengemeinde St. Martinus aus Kaarst, mit der wir all die Jahre ein wunderbares Verh\u00e4ltnis wissen durften um unsere St\u00fccke in Ihren Hallen auff\u00fchren zu k\u00f6nnen. Danke!<\/p>\n<p>Bei all den ehrenamtlichen Helfern im Laufe unserer Vereinszeit. Eure Hilfe hat uns merklich entlastet und als ehremamtlichen Verein erbl\u00fchen lassen. Danke!<\/p>\n<p>Mit einem Herz gef\u00fcllt voll wundersch\u00f6ner Erinnerungen an diese tolle Zeit w\u00fcnschen wir euch allen f\u00fcr die Zukunft nur das Beste. Und wer nochmal in der Vergangenheit schm\u00f6ckern m\u00f6chte kann dies liebend gerne auf unserer Website tun!<\/p>\n<p>Eure Cham\u00e4leons<\/p>\n<p>&nbsp;<\/p>\n<\/div>\n<\/div><\/div><div id=\"panel-19-1-0-1\" class=\"so-panel widget widget_sow-editor panel-last-child\" data-index=\"2\" ><div\n\t\t\t\n\t\t\tclass=\"so-widget-sow-editor so-widget-sow-editor-base\"\n\t\t\t\n\t\t>\n<div class=\"siteorigin-widget-tinymce textwidget\">\n\t<p>Wer den letzten Artikel der NGZ zu unserem Verein lesen m\u00f6chte klickt bitte <a href=\"https:\/\/chamaeleon-theater-kaarst.de\/wp-content\/uploads\/Kaarst_ Cham\u00e4leon-Theater l\u00f6st sich auf.pdf\">hier<\/a>.<\/p>\n<\/div>\n<\/div><\/div><\/div><\/div><div id=\"pg-19-2\"  class=\"panel-grid panel-no-style\" ><div id=\"pgc-19-2-0\"  class=\"panel-grid-cell\" ><div id=\"panel-19-2-0-0\" class=\"so-panel widget widget_sow-editor panel-first-child panel-last-child\" data-index=\"3\" ><div\n\t\t\t\n\t\t\tclass=\"so-widget-sow-editor so-widget-sow-editor-base\"\n\t\t\t\n\t\t>\n<div class=\"siteorigin-widget-tinymce textwidget\">\n\t<p>Winfried Pilz war in Bezug auf das Cham\u00e4leon Theater stehts eine f\u00f6rdernde und unterst\u00fctzende Pers\u00f6nlichkeit und wird als Teil der Geschichte dieses Vereins weiterhin auf unseren Bildern sowie unseren Pressever\u00f6ffentlichungen dokumentiert bleiben. <a href=\"https:\/\/rp-online.de\/nrw\/staedte\/kaarst\/kaarst-missbrauchsvorwuerfe-gegen-frueheren-pfarrer-winfried-pilz_aid-72167429\">Kontext<\/a><\/p>\n<\/div>\n<\/div><\/div><\/div><\/div><div id=\"pg-19-3\"  class=\"panel-grid panel-no-style\" ><div id=\"pgc-19-3-0\"  class=\"panel-grid-cell\" ><div id=\"panel-19-3-0-0\" class=\"so-panel widget widget_black-studio-tinymce widget_black_studio_tinymce panel-first-child panel-last-child\" data-index=\"4\" ><div class=\"textwidget\"><h1 style=\"text-align: center;\"><a href=\"https:\/\/wp.chamaeleon-theater-kaarst.de\/wp-content\/uploads\/2015\/01\/Logo.jpg\"><img loading=\"lazy\" decoding=\"async\" class=\"aligncenter wp-image-734 size-medium\" src=\"https:\/\/chamaeleon-theater-kaarst.de\/wp-content\/uploads\/2015\/01\/Logo-300x227.jpg\" alt=\"Logo\" width=\"300\" height=\"227\" srcset=\"https:\/\/chamaeleon-theater-kaarst.de\/wp-content\/uploads\/2015\/01\/Logo-300x227.jpg 300w, https:\/\/chamaeleon-theater-kaarst.de\/wp-content\/uploads\/2015\/01\/Logo.jpg 523w\" sizes=\"(max-width: 300px) 100vw, 300px\" \/><\/a><\/h1>\n<\/div><\/div><\/div><\/div><\/div>","protected":false},"excerpt":{"rendered":"<p>&#8222;Zeit, Zeit, Zeit &#8211; Mal bist du Freund, mal bist du Feind&#8220; &nbsp; Liebe Besucher unserer Website, wie im Abschlusslied unseres St\u00fccks &#8222;Und schon ist wieder Silvester&#8220; besungen \u00e4ndern sich die Zeiten im Leben das ein oder andere Mal. Die Zeit des Cham\u00e4leon Theaters aus Kaarst ist nun vorbei und wir schlie\u00dfen unseren Vorhang ein [&hellip;]<\/p>\n","protected":false},"author":1,"featured_media":0,"parent":0,"menu_order":0,"comment_status":"closed","ping_status":"open","template":"home-panels.php","meta":{"footnotes":""},"_links":{"self":[{"href":"https:\/\/chamaeleon-theater-kaarst.de\/index.php?rest_route=\/wp\/v2\/pages\/19"}],"collection":[{"href":"https:\/\/chamaeleon-theater-kaarst.de\/index.php?rest_route=\/wp\/v2\/pages"}],"about":[{"href":"https:\/\/chamaeleon-theater-kaarst.de\/index.php?rest_route=\/wp\/v2\/types\/page"}],"author":[{"embeddable":true,"href":"https:\/\/chamaeleon-theater-kaarst.de\/index.php?rest_route=\/wp\/v2\/users\/1"}],"replies":[{"embeddable":true,"href":"https:\/\/chamaeleon-theater-kaarst.de\/index.php?rest_route=%2Fwp%2Fv2%2Fcomments&post=19"}],"version-history":[{"count":116,"href":"https:\/\/chamaeleon-theater-kaarst.de\/index.php?rest_route=\/wp\/v2\/pages\/19\/revisions"}],"predecessor-version":[{"id":1396,"href":"https:\/\/chamaeleon-theater-kaarst.de\/index.php?rest_route=\/wp\/v2\/pages\/19\/revisions\/1396"}],"wp:attachment":[{"href":"https:\/\/chamaeleon-theater-kaarst.de\/index.php?rest_route=%2Fwp%2Fv2%2Fmedia&parent=19"}],"curies":[{"name":"wp","href":"https:\/\/api.w.org\/{rel}","templated":true}]}}